{"id":1131,"date":"2020-12-14T20:58:33","date_gmt":"2020-12-14T20:58:33","guid":{"rendered":"https:\/\/zmgps.org.mk\/?page_id=1131"},"modified":"2021-08-31T08:41:05","modified_gmt":"2021-08-31T08:41:05","slug":"startseite-2","status":"publish","type":"page","link":"https:\/\/zmgps.org.mk\/?page_id=1131&lang=de","title":{"rendered":"Startseite 2021"},"content":{"rendered":"<p><span style=\"font-size: 20px;\"><strong>Einladung an die DeutschlehrerInnen &#8211; Mitglieder der Gesellschaft f\u00fcr makedonisch-deutsche Freundschaft und Zusammenarbeit Bitola f\u00fcr die Mitwirkung in zwei Projekten:<\/strong><\/span><\/p>\n<p><span style=\"font-size: 20px;\">1. Die Gesellschaft f\u00fcr makedonisch-deutsche Freundschaft und Zusammenarbeit organisiert mit Grund- und\/oder Mittelschulen ein Workshop zum Thema &#8220;Umweltbewusstsein&#8221;.<\/span><\/p>\n<p><span style=\"font-size: 20px;\">2. Die Gesellschaft f\u00fcr makedonisch-deutsche Freundschaft und Zusammenarbeit organisiert mit Sch\u00fclern der Mittelschulen eine Diskussion zum Thema &#8220;EU Beitritt&#8221;.<\/span><\/p>\n<p><span style=\"font-size: 20px;\">Die Anmeldung bitte an die E-Mail Adresse <a href=\"mailto:zmgps@zmgps.org.mk\">zmgps@zmgps.org.mk<\/a> sp\u00e4testens bis zum 30.09.2021 senden.<\/span><\/p>\n","protected":false},"excerpt":{"rendered":"<p>Einladung an die DeutschlehrerInnen &#8211; Mitglieder der Gesellschaft f\u00fcr makedonisch-deutsche Freundschaft und Zusammenarbeit Bitola f\u00fcr die Mitwirkung in zwei Projekten: 1. Die Gesellschaft f\u00fcr makedonisch-deutsche Freundschaft und Zusammenarbeit organisiert mit Grund- und\/oder Mittelschulen ein Workshop zum Thema &#8220;Umweltbewusstsein&#8221;. 2. Die Gesellschaft f\u00fcr makedonisch-deutsche Freundschaft und Zusammenarbeit organisiert mit Sch\u00fclern der Mittelschulen eine Diskussion zum Thema [&hellip;]<\/p>\n","protected":false},"author":1,"featured_media":0,"parent":0,"menu_order":0,"comment_status":"closed","ping_status":"closed","template":"","meta":{"ngg_post_thumbnail":0,"footnotes":""},"categories":[],"tags":[],"class_list":["post-1131","page","type-page","status-publish","hentry"],"_links":{"self":[{"href":"https:\/\/zmgps.org.mk\/index.php?rest_route=\/wp\/v2\/pages\/1131","targetHints":{"allow":["GET"]}}],"collection":[{"href":"https:\/\/zmgps.org.mk\/index.php?rest_route=\/wp\/v2\/pages"}],"about":[{"href":"https:\/\/zmgps.org.mk\/index.php?rest_route=\/wp\/v2\/types\/page"}],"author":[{"embeddable":true,"href":"https:\/\/zmgps.org.mk\/index.php?rest_route=\/wp\/v2\/users\/1"}],"replies":[{"embeddable":true,"href":"https:\/\/zmgps.org.mk\/index.php?rest_route=%2Fwp%2Fv2%2Fcomments&post=1131"}],"version-history":[{"count":20,"href":"https:\/\/zmgps.org.mk\/index.php?rest_route=\/wp\/v2\/pages\/1131\/revisions"}],"predecessor-version":[{"id":1233,"href":"https:\/\/zmgps.org.mk\/index.php?rest_route=\/wp\/v2\/pages\/1131\/revisions\/1233"}],"wp:attachment":[{"href":"https:\/\/zmgps.org.mk\/index.php?rest_route=%2Fwp%2Fv2%2Fmedia&parent=1131"}],"wp:term":[{"taxonomy":"category","embeddable":true,"href":"https:\/\/zmgps.org.mk\/index.php?rest_route=%2Fwp%2Fv2%2Fcategories&post=1131"},{"taxonomy":"post_tag","embeddable":true,"href":"https:\/\/zmgps.org.mk\/index.php?rest_route=%2Fwp%2Fv2%2Ftags&post=1131"}],"curies":[{"name":"wp","href":"https:\/\/api.w.org\/{rel}","templated":true}]}}