{"id":229,"date":"2016-11-09T22:21:05","date_gmt":"2016-11-09T22:21:05","guid":{"rendered":"https:\/\/zmgps.org.mk\/?page_id=229"},"modified":"2021-11-08T13:33:08","modified_gmt":"2021-11-08T13:33:08","slug":"229-2","status":"publish","type":"page","link":"https:\/\/zmgps.org.mk\/?page_id=229&lang=de","title":{"rendered":"Ode an Bitola"},"content":{"rendered":"<p style=\"text-align: justify;\"><span style=\"font-family: tahoma, arial, helvetica, sans-serif; font-size: 12pt;\"><span class=\"xr_tc xr_s1\">Bitola babam Bitola, dort lebt man das Leben noch&#8230; Diese Meinung<img loading=\"lazy\" decoding=\"async\" class=\" wp-image-230 alignright\" src=\"https:\/\/zmgps.org.mk\/wp-content\/uploads\/2016\/11\/841-1.jpg\" alt=\"841\" width=\"248\" height=\"172\" data-id=\"230\"> \u00fcber die sch\u00f6ne&nbsp;und altehrw\u00fcrdige&nbsp;Stadt Bitola findet sich nicht nur bei den Makedoniern, <\/span><span class=\"xr_tc xr_s1\">sondern auch bei den ausl\u00e4ndischen G\u00e4sten, die die M\u00f6glichkeit hatten, Bitola kennen zu lernen. Einer davon ist Prof. Dr. Peter Rau, Direktor des Instituts f\u00fcr <\/span><span class=\"xr_tc xr_s1\">makedonisch-deutsche Beziehungen an der Universit\u00e4t &#8220;Hl. Kyrill und Method&#8221; in Skopje, der auch ein Ehrenmitglied der Gesellschaft f\u00fcr makedonisch-deutsche <\/span><span class=\"xr_tc xr_s1\">Freundschaft und Zusammenarbeit Bitola ist. Als Zeichen seine Liebe zu Bitola hat er die &#8220;Ode an Bitola&#8221; geschrieben.&nbsp;<\/span><\/span><\/p>\n","protected":false},"excerpt":{"rendered":"<p>Bitola babam Bitola, dort lebt man das Leben noch&#8230; Diese Meinung \u00fcber die sch\u00f6ne&nbsp;und altehrw\u00fcrdige&nbsp;Stadt Bitola findet sich nicht nur bei den Makedoniern, sondern auch bei den ausl\u00e4ndischen G\u00e4sten, die die M\u00f6glichkeit hatten, Bitola kennen zu lernen. Einer davon ist Prof. Dr. Peter Rau, Direktor des Instituts f\u00fcr makedonisch-deutsche Beziehungen an der Universit\u00e4t &#8220;Hl. Kyrill [&hellip;]<\/p>\n","protected":false},"author":1,"featured_media":0,"parent":0,"menu_order":0,"comment_status":"closed","ping_status":"closed","template":"","meta":{"ngg_post_thumbnail":0,"footnotes":""},"categories":[38],"tags":[],"class_list":["post-229","page","type-page","status-publish","hentry","category-mitgliedschaft"],"_links":{"self":[{"href":"https:\/\/zmgps.org.mk\/index.php?rest_route=\/wp\/v2\/pages\/229","targetHints":{"allow":["GET"]}}],"collection":[{"href":"https:\/\/zmgps.org.mk\/index.php?rest_route=\/wp\/v2\/pages"}],"about":[{"href":"https:\/\/zmgps.org.mk\/index.php?rest_route=\/wp\/v2\/types\/page"}],"author":[{"embeddable":true,"href":"https:\/\/zmgps.org.mk\/index.php?rest_route=\/wp\/v2\/users\/1"}],"replies":[{"embeddable":true,"href":"https:\/\/zmgps.org.mk\/index.php?rest_route=%2Fwp%2Fv2%2Fcomments&post=229"}],"version-history":[{"count":4,"href":"https:\/\/zmgps.org.mk\/index.php?rest_route=\/wp\/v2\/pages\/229\/revisions"}],"predecessor-version":[{"id":1270,"href":"https:\/\/zmgps.org.mk\/index.php?rest_route=\/wp\/v2\/pages\/229\/revisions\/1270"}],"wp:attachment":[{"href":"https:\/\/zmgps.org.mk\/index.php?rest_route=%2Fwp%2Fv2%2Fmedia&parent=229"}],"wp:term":[{"taxonomy":"category","embeddable":true,"href":"https:\/\/zmgps.org.mk\/index.php?rest_route=%2Fwp%2Fv2%2Fcategories&post=229"},{"taxonomy":"post_tag","embeddable":true,"href":"https:\/\/zmgps.org.mk\/index.php?rest_route=%2Fwp%2Fv2%2Ftags&post=229"}],"curies":[{"name":"wp","href":"https:\/\/api.w.org\/{rel}","templated":true}]}}